Give g(-4).
57
Let f(j) = -18*j + 11. What is f(7)?
-115
Let x(z) = 3*z**2 + 520*z - 869. Determine x(-175).
6
Let i(u) = 2084*u - 6307. Give i(3).
-55
Let s(g) = 52*g**2 + 5406*g - 221. Determine s(-104).
-13
Let r(g) = 11*g**3 + 131*g**2 - 10*g - 49. Calculate r(-12).
-73
Let m(s) = 182*s + 8110. What is m(-46)?
-262
Let p(b) = 73*b + 7807. Calculate p(-107).
-4
Let u(h) = 116*h**2 + 203*h - 34. Calculate u(-2).
24
Let p(h) = -26*h**3 + 6*h**2 - 15*h + 7. Give p(1).
-28
Let w(p) = -p**2 - 69*p - 449. Calculate w(-61).
39
Let t(c) = -14*c + 1998. Calculate t(146).
-46
Let p(r) = -190*r - 2158. What is p(-10)?
-258
Let v(k) = 1742*k - 10251. What is v(6)?
201
Let m(v) = v**2 - 100*v + 735. Determine m(8).
-1
Let y(t) = 225*t - 482. Give y(2).
-32
Let l(r) = 6*r**2 + 5*r - 176. Determine l(-6).
10
Let s(i) = -51*i**2 + 83*i + 2. Calculate s(2).
-36
Let m(b) = 55*b + 27. Determine m(1).
82
Let c(x) = 63*x**2 + 1134*x - 1. Give c(-18).
-1
Let g(m) = -39907*m - 199532. Give g(-5).
3
Let t(g) = -29*g - 552. Calculate t(-8).
-320
Let s(o) = 24*o**3 - 16*o**2 + 6*o - 3. Determine s(1).
11
Let b(l) = -5*l**2 - 12*l - 21. Determine b(-9).
-318
Let s(o) = 4*o**3 - o**2 - 13*o + 15. Determine s(1).
5
Let v(q) = 3*q**2 - 92*q - 450. What is v(-5)?
85
Let w(v) = -16*v + 185. Determine w(28).
-263
Let i(d) = -d**3 + 12*d**2 - 40*d - 5. Determine i(6).
-29
Let l(n) = 83*n + 155. What is l(-3)?
-94
Let c(j) = -397*j + 25021. Calculate c(63).
10
Let o(n) = -28*n - 152. Give o(-4).
-40
Let x(u) = 77*u + 39. Calculate x(-1).
-38
Let p(y) = -y**2 + 17*y - 28. Determine p(7).
42
Let y(t) = -t**3 - 13*t**2 + 23*t - 93. Determine y(-15).
12
Let y(f) = 2*f - 169. Calculate y(-15).
-199
Let g(w) = -485*w - 285. Calculate g(-1).
200
Let m(k) = -11*k**2 + 96*k + 284. Calculate m(11).
9
Let a(c) = 16*c - 200. Give a(11).
-24
Let b(j) = 3*j**2 - 138*j - 931. What is b(-6)?
5
Let y(f) = f**3 + 8*f**2 - 44*f - 150. What is y(-3)?
27
Let t(x) = -15*x + 81. Determine t(5).
6
Let r(t) = -1194*t + 2471. Calculate r(2).
83
Let y(x) = x**2 - 32*x + 278. Determine y(34).
346
Let f(c) = c**3 - 11*c**2 - 12*c + 176. Give f(10).
-44
Let c(r) = 2*r**3 + 101*r**2 - 52*r - 56. Calculate c(-51).
-5
Let a(c) = 31*c + 671. Give a(-22).
-11
Let p(o) = -3*o**2 + 110*o - 625. Give p(7).
-2
Let c(d) = -d**3 - 7*d**2 - 2*d + 22. Give c(2).
-18
Let h(r) = r**2 + 142*r + 4446. Determine h(-103).
429
Let l(s) = -2*s**3 - 187*s**2 - 280*s - 361. Give l(-92).
7
Let d(o) = 2*o**3 + 15*o**2 - 25*o - 82. Give d(-8).
54
Let u(l) = -l**3 + 39*l**2 + 7*l + 360. Calculate u(39).
633
Let r(s) = -s**2 - 1886*s - 221763. Calculate r(-126).
-3
Let z(n) = 15*n**2 - n + 20. What is z(3)?
152
Let x(u) = -10939*u - 87516. Determine x(-8).
-4
Let c(s) = 35*s**2 - 246*s - 246. Give c(-1).
35
Let m(j) = -9*j - 566. Determine m(-57).
-53
Let i(h) = 20*h + 213. Calculate i(-9).
33
Let j(f) = -188*f + 479. Give j(3).
-85
Let d(p) = -p**3 - 5*p**2 - p - 51. Give d(0).
-51
Let h(m) = m**2 - 45*m - 144. Calculate h(41).
-308
Let n(q) = 2*q**3 + q**2 + 122. Give n(0).
122
Let r(k) = -k**2 - 17*k + 66. Determine r(-24).
-102
Let c(o) = 27*o**2 + 64*o + 23. Determine c(-2).
3
Let v(z) = -4*z**2 - 2262*z + 6814. Calculate v(3).
-8
Let z(g) = -3*g**3 + 3*g**2 - 26*g + 10. What is z(-3)?
196
Let j(a) = -2*a**2 + 82*a - 57. Calculate j(38).
171
Let j(t) = -t**3 - 3*t**2 + 166. Determine j(0).
166
Let k(l) = -23*l + 1572. Calculate k(67).
31
Let d(y) = -y**2 - 182*y + 380. Calculate d(2).
12
Let o(g) = -7*g**2 + 229*g + 74. Calculate o(33).
8
Let r(k) = 109*k + 4905. What is r(-45)?
0
Let i(s) = 9*s**2 + 31*s + 4. Determine i(-4).
24
Let q(g) = 9*g - 85. Calculate q(7).
-22
Let a(s) = -5*s**2 - 14*s - 46. Determine a(-3).
-49
Let d(h) = -1106*h - 12213. Give d(-11).
-47
Let r(q) = q**2 + 2554*q + 12772. Calculate r(-5).
27
Let k(i) = 14681*i + 249579. Calculate k(-17).
2
Let d(u) = -36*u**2 - 179*u + 9. What is d(-7)?
-502
Let p(d) = 2*d + 4. Determine p(13).
30
Let q(u) = -2*u**3 + 122*u**2 + 2*u - 12. Give q(61).
110
Let u(l) = 12*l + 69. Give u(-8).
-27
Let d(c) = c**3 + 12*c**2 + 36*c + 219. Determine d(-10).
59
Let n(h) = -17*h + 164. Calculate n(8).
28
Let j(k) = -2*k + 83. Determine j(27).
29
Let g(p) = 4*p**2 + 80*p + 54. Calculate g(-19).
-22
Let b(s) = 8*s**2 + 215*s - 42. Calculate b(-27).
-15
Let j(x) = x**3 - 12*x**2 + 17*x + 99. Give j(9).
9
Let y(m) = -m**3 + 37*m**2 - 39*m + 115. What is y(36)?
7
Let f(w) = 4*w**3 - 239*w**2 - 556*w - 125. What is f(62)?
-1
Let y(c) = 13*c**2 + 7*c + 4. Determine y(-2).
42
Let r(s) = 22*s**2 - 19*s + 11. What is r(5)?
466
Let y(h) = -361*h - 24931. Determine y(-69).
-22
Let y(x) = -7*x**2 + 338*x - 959. What is y(3)?
-8
Let i(w) = -1858*w - 76191. Determine i(-41).
-13
Let l(i) = -2*i**3 + 89*i**2 + 6*i + 1772. What is l(45)?
17
Let x(b) = 4*b + 26. Calculate x(-10).
-14
Let n(x) = -x**3 + x**2 + 20*x - 14. Calculate n(5).
-14
Let g(h) = -103*h + 65. Determine g(-1).
168
Let g(k) = -442*k + 3529. Determine g(8).
-7
Let t(k) = 2*k**2 - 65*k + 350. Give t(7).
-7
Let x(u) = -4*u**2 - 19*u + 7. Determine x(4).
-133
Let x(d) = -d**3 + 5*d**2 - 2*d - 30. Give x(0).
-30
Let f(q) = q**3 + 11*q**2 - 1595*q - 17553. Calculate f(-11).
-8
Let b(y) = -93*y - 300. Calculate b(-3).
-21
Let m(r) = -14*r**3 + 2*r**2 + 8*r + 13. Give m(-2).
117
Let k(s) = -s**3 + 45*s**2 - 89*s + 117. What is k(43)?
-12
Let x(o) = o**2 + 41*o + 414. What is x(-18)?
0
Let z(w) = -w**3 + 7*w**2 + 5*w - 7. Determine z(-3).
68
Let g(t) = 3*t**2 - 3910*t - 51331. Calculate g(-13).
6
Let q(z) = 4*z**3 - 98*z**2 - 49*z - 15. What is q(25)?
10
Let z(q) = -q**2 - 119*q + 2513. Give z(18).
47
Let c(h) = -821*h + 20526. Give c(25).
1
Let b(p) = p**3 + p**2 - 29*p - 24. Determine b(-6).
-30
Let s(v) = -13*v**2 + 990*v - 188. What is s(76)?
-36
Let g(z) = 20*z**2 - 8*z - 281. Determine g(4).
7
Let h(q) = q**3 + 15*q**2 + 11*q + 21. What is h(-15)?
-144
Let l(d) = -8*d**2 + 184*d - 13. Calculate l(7).
883
Let d(f) = -343*f**2 - 76*f - 76. Calculate d(-1).
-343
Let c(b) = -7*b**2 - 42*b - 62. Calculate c(-4).
-6
Let s(g) = -5*g**2 - 144*g - 1182. Calculate s(-9).
-291
Let m(y) = 6*y**2 - 12*y - 24. Give m(-1).
-6
Let q(u) = 9*u**3 - 7*u**2 + 20*u - 26. Determine q(2).
58
Let f(c) = -115*c + 5571. Determine f(49).
-64
Let z(q) = 171*q + 7185. Determine z(-42).
3
Let c(g) = -g**2 - 8*g + 28. What is c(-11)?
-5
Let j(x) = 997*x - 238286. Determine j(239).
-3
Let m(t) = 114*t - 652. Give m(7).
146
Let u(i) = -i**3 - 11*i**2 - 37*i + 9. Calculate u(0).
9
Let t(j) = 5*j**3 - 2*j**2 + 55*j + 101. What is t(-2)?
-57
Let f(d) = d**3 - 39*d**2 - 82*d - 78. What is f(41)?
-78
Let y(d) = -16*d - 39. Calculate y(4).
-103
Let l(a) = 22*a + 257. Determine l(-9).
59
Let s(i) = -i**3 + 63*i**2 - 110*i - 58. Give s(61).
674
Let l(v) = 11*v + 58. Calculate l(3).
91
Let k(q) = -1059*q - 6. Determine k(0).
-6
Let i(b) = -256*b - 10495. What is i(-41)?
1
Let y(f) = 5*f**2 - 202*f + 307. Determine y(39).
34
Let k(l) = 4*l**2 + 94*l + 303. Determine k(-20).
23
Let n(x) = 18*x**2 - 875*x + 4600. Give n(6).
-2
Let n(z) = 662*z + 11880. Determine n(-18).
-36
Let l(q) = -2*q**3 + 3*q**2 + 10*q + 106. Give l(0).
106
Let z(l) = 85*l - 1900. Give z(25).
225
Let x(c) = c**3 - 33*c**2 - 30*c - 139. Give x(34).
-3
Let o(w) = 2*w**3 - 7*w**2 - 12*w - 18. What is o(5)?
-3
Let z(l) = -l**3 + 4*l**2 - 19*l + 105. Give z(5).
-15
Let x(y) = y**3 - 64*y**2 - 73*y + 522. Give x(65).
2
Let u(j) = -j**2 + 44*j - 143. What is u(4)?
17
Let r(j) = 336*j - 7. What is r(0)?
-7
Let l(s) = -111*s**3 - s**2. Determine l(1).
-112
Let j(w) = 14*w**2 - 1993*w + 648. What is j(142)?
-62
Let v(r) = 5*r**2 - 461*r - 381. What is v(93)?
-9
Let k(b) = 644*b + 3196. What is k(-5)?
-24
Let w(b) = -223*b + 36. Give w(1).
-187
Let u(r) = 15723*r + 110045. Calculate u(-7).
-16
Let f(b) = -9*b**2 - 457*b + 1357. Calculate f(3).
-95
Let q(k) = -6*k**2 + 196*k + 75. Determine q(33).
9
Let c(t) = -t**3 - 17*t**2 - 14*t - 4. Determine c(-17).
234
Let g(i) = -6*i**2 + 33*i + 469. Determine g(-11).
-620
Let u(o) = o**3 - 21*o**2 + 41*o - 31. Calculate u(19).
26
Let z(f) = 22*f - 3273. Give z(148).
-17
Let w(r) = -11*r**2 - 33*r + 86. Calculate w(3).
-112
Let i(t) = t**3 + 11*t**2 + 9*t - 30. Calc